 4/(-14) - (-2952)/42. Suppose 3 = b - 7. Calculate the highest common factor of t and b.
10
Let n(t) = t**3 + 4*t**2 + 2*t - 2. Let g be n(-2). Suppose o = 4, -p - 17 = -g*p - 2*o. What is the greatest common factor of 99 and p?
9
Let v(c) = -c**2 + 4*c + 9. Let a be v(6). Let f = a + 6. What is the greatest common factor of f and 27?
3
Suppose 5*q - y = -46, 30 = -2*q - q + 3*y. Let a = q + 3. Let o be (-26)/(-10) - a/15. Calculate the greatest common divisor of 12 and o.
3
Let d(n) = 2*n**2 - 3 + 5*n**3 + 1 - 4*n**3 + n + 0. Let a be d(2). What is the greatest common factor of 16 and a?
16
Suppose 7 + 13 = 5*q. Suppose 5*g - q*v = -v + 45, -2*v - 2 = -g. What is the highest common factor of g and 108?
12
Suppose 0 = 5*q + t + 22 - 112, 2*q + 5*t = 59. What is the highest common divisor of 68 and q?
17
Suppose -20 = -5*y + 10. Let n = y - 2. What is the greatest common factor of n and 44?
4
Let d be 1440/55 - (-6)/(-33). What is the highest common divisor of 65 and d?
13
Suppose -4*o + 2*y = -326, 131 = 5*o - 4*y - 281. Let z be -13*-1*(-2 - -1). Let s = z + 21. What is the highest common factor of s and o?
8
Let w(n) = -5*n + 3. Let d be w(-5). Suppose -m = -44 - 26. Suppose -x + m = 4*x. What is the highest common factor of d and x?
14
Let j(c) = -2*c**3 + c**2 + c + 1. Let t be j(-1). Suppose -207 = -3*w - t*q, 3*w + 2*q = -2*w + 348. Calculate the highest common factor of 28 and w.
14
Let s = 22 - 19. Calculate the highest common divisor of s and 12.
3
Let w be 1/((-6)/8 - -1). What is the greatest common factor of w and 12?
4
Let d(z) = -z**3 + 13*z**2 - 12*z + 12. Let m be d(12). What is the highest common factor of 30 and m?
6
Suppose -23*h + 5*h + 432 = 0. What is the highest common divisor of 384 and h?
24
Suppose -4*w + 7*w = 0. Let o = w + 0. Suppose 88 = -o*x + 4*x. Calculate the highest common divisor of 33 and x.
11
Suppose -454 = -5*z - 84. Calculate the highest common divisor of 185 and z.
37
Suppose -p = 2*o - 12, 0*o - 4*o = -5*p - 52. What is the greatest common factor of 8 and o?
8
Let t = 17 - 5. Suppose -3*l = -4*w - 107 - 16, 4*l = -w - 45. Let r = 57 + w. Calculate the greatest common divisor of t and r.
12
Let l be 4/20 + 1438/10. Calculate the highest common factor of 18 and l.
18
Let s(h) = h**3 + 6*h**2 - 8*h - 7. Let w be s(-7). Suppose -4*g + g + 30 = w. Calculate the greatest common divisor of g and 20.
10
Let n be 4/22 + 62/22. Let k be -1 - n/((-3)/19). Calculate the greatest common factor of 6 and k.
6
Suppose -3*r + 0*n + 13 = n, -17 = r - 5*n. What is the highest common factor of r and 12?
3
Let w be ((-12)/10)/(12/(-40)). Let r be 2/7 - (-24)/14. Suppose 0 = n + r*n - 96. Calculate the highest common factor of w and n.
4
Let f = -4 - -9. Suppose -f*u + 4*u - 122 = -5*r, 3*u + 6 = 0. Calculate the greatest common divisor of r and 8.
8
Let q = 16 - 11. What is the highest common factor of q and 20?
5
Suppose -3*m = -m - 8. Suppose 0 = -4*n - o + 6, -4*o + 0 = 8. Suppose p = m*s - 2*p - 512, n*p = -2*s + 256. Calculate the greatest common factor of 16 and s.
16
Suppose 0 = -11*b + 6*b + 60. Let d be -1*(-35 + (-1 - 0)). What is the highest common factor of b and d?
12
Let j be 2/1 + 6/2. Let k be 0 + j/((-10)/(-16)). Suppose 2*h - k = h. What is the greatest common factor of h and 16?
8
Let n(h) = -h**2 - 7*h - 4. Suppose w + 3*q + 15 = 0, 3*w - 6*w + 5*q = 3. Let x be n(w). Calculate the highest common divisor of 6 and x.
2
Let d = 6 + 5. Suppose 3*u - 124 = -u. Suppose o + a - 10 = 0, -3*a = 5*o - d - u. Calculate the highest common divisor of o and 48.
6
Let o(u) = -48*u. Let z be o(-1). Suppose -2*b + 60 = 2*b + 4*p, -p = 4*b - 57. Suppose 0 = -2*n + 10 + b. Calculate the highest common divisor of n and z.
12
Suppose 0*s + 2*s - 168 = 0. Calculate the highest common factor of s and 12.
12
Let g(p) = p**3 + 4*p**2 + 4*p - 9. Let m be g(3). What is the highest common divisor of m and 44?
22
Suppose 136 = -a + 14. Let n = 242 + a. What is the highest common divisor of 15 and n?
15
Suppose -6*h = -5*h - 27. Calculate the greatest common divisor of h and 135.
27
Let q be (-4)/(-18) + (-1720)/(-36). What is the highest common factor of q and 12?
12
Suppose 9*l - 4*l = 200. Calculate the highest common divisor of l and 5.
5
Let s be ((-486)/45)/((-1)/10). What is the highest common factor of 12 and s?
12
Suppose 24*p = 13*p + 165. Calculate the highest common divisor of p and 180.
15
Suppose -2*z = -6*z + 12. What is the highest common divisor of z and 51?
3
Suppose 14 = 4*s - 26. Let h = -5 - -15. Calculate the highest common factor of h and s.
10
Let m be -14 - 1 - (6 + -9). Let v = m - -33. Calculate the greatest common divisor of v and 7.
7
Suppose f + 4*f + 90 = 0. Let i be (-187)/(-9) - 4/f. What is the greatest common divisor of i and 14?
7
Let p(j) = j**2 - j. Let n = -20 - 2. Let w be n/6 + (-6)/18. Let d be p(w). What is the highest common factor of 4 and d?
4
Suppose -32 = -4*h - 0*q - 2*q, h + 3*q - 18 = 0. Let d be h/7*(-14)/2. Let p be (-112)/d - (-10)/(-15). What is the greatest common divisor of 45 and p?
9
Let s(j) = j**3 + 5*j**2 - 7*j + 1. Let i be s(-6). Suppose i = -4*v + 71. What is the highest common factor of 8 and v?
8
Let k(r) = 6*r - 102. Let u be k(24). Calculate the highest common factor of u and 14.
14
Let t(p) = p**3 - 2*p**2 + 7*p - 6. Let v be t(4). Suppose -20 = 4*s, -2*s + 3*s + 35 = 5*f. What is the highest common factor of f and v?
6
Let c = -1 + -5. Let i be (-250)/c - 2/(-6). What is the greatest common factor of i and 14?
14
Let q(j) = 22*j**2 - 4*j + 1. Let w be q(3). Calculate the highest common divisor of 17 and w.
17
Let y(o) = -3 + o + 5 + o**2 + 0 + 10*o**3. Let b be y(2). Let x = -6 + 14. What is the greatest common divisor of x and b?
8
Let g(u) = -9*u + 10. Let p be g(-2). What is the highest common divisor of 140 and p?
28
Let a(c) = -78*c**2 - 2*c + 1. Let p(u) = 155*u**2 + 3*u - 2. Let b(o) = 7*a(o) + 4*p(o). Let i be b(-1). What is the highest common divisor of i and 15?
15
Suppose 1 = t - 3, -2*a + 38 = t. Calculate the highest common factor of 153 and a.
17
Let o(c) = c**3 - 11*c**2 + 2*c - 8. Let j be o(11). Let y be j*-3*(-4)/24. Calculate the highest common divisor of 77 and y.
7
Let n(f) = -4*f - 4. Suppose -k = 3*k + 20. Let x be n(k). Calculate the greatest common divisor of 112 and x.
16
Let b = -39 - -119. Suppose 4*u + y + 4*y - b = 0, 0 = 5*u + 4*y - 91. Calculate the greatest common divisor of u and 3.
3
Suppose 0 = 8*q - q - 847. Calculate the greatest common divisor of q and 11.
11
Let n = 71 - 62. Let z be 561/9 + 4/6. Calculate the highest common divisor of z and n.
9
Let h(i) = -2*i**2 + 19*i - 13. Let t(q) = q**2 - 10*q + 7. Let u(o) = 3*h(o) + 5*t(o). Let b be u(5). Calculate the highest common factor of 48 and b.
6
Let u be 4/56*402 - (-2)/7. What is the highest common factor of 203 and u?
29
Let g be (6/(2/(-1)))/(-1). Suppose 2*p + g*w - 23 = 0, -2*p - w + 0 + 13 = 0. Let q = 5 + p. Calculate the highest common factor of q and 72.
9
Let v be 20 - (8/5 - (-12)/30). What is the highest common factor of v and 12?
6
Let t = -99 + 139. Suppose -85 = -5*w + 15. Suppose 4*s - w = 2*s. Calculate the highest common factor of s and t.
10
Let x = 62 + 178. What is the greatest common factor of x and 30?
30
Let b be 8 - (-3 + 0)/3. Suppose 134 = -4*y + 422. Calculate the greatest common divisor of b and y.
9
Let h be (4 - -4)/(1/10). Let x(l) = l**2 + 14*l + 4. Let z be x(-14). Suppose -3*p - h = -z*p. What is the greatest common divisor of 32 and p?
16
Suppose 5*y - 5 = 0, 4*f + 3*y - 445 = 2*y. What is the greatest common divisor of 74 and f?
37
Let y(r) = r**2 - 8*r - 4. Let d be y(9). Let m be 2 + -3 - (-20 + -1). Calculate the greatest common factor of d and m.
5
Let v(g) = -2*g + 10. Let b be v(-9). Let z = 29 + b. What is the greatest common divisor of 19 and z?
19
Let i(m) = m**2 + 7*m + 8. Let s be i(-6). Suppose -s*l + 3 = w, w - 1 = 3*l + 2. What is the greatest common divisor of 12 and w?
3
Let c(i) = 5*i**2 - i - 1. Let b be 2*-1*2/4. Let n be c(b). What is the highest common divisor of 45 and n?
5
Let i(z) = -z**3 - z**2 + 9*z - 5. Let m(n) = -1. Let v(h) = -i(h) + 2*m(h). Let r be v(5). What is the greatest common factor of 12 a